 -5*p - w = -2*x - p, -x + 32 = 5*p. Let k = 37 + -26. What is the greatest common factor of x and k?
11
Let p(g) = 3*g**3 + 2*g**2 - 10*g + 15. Suppose -5 = -18*x + 85. Let a be p(x). What is the greatest common factor of a and 65?
65
Suppose 4*q + 3*t = t + 930, -5*q + 1164 = 2*t. Suppose -q*c - 2765 = -239*c. Calculate the greatest common factor of c and 79.
79
Let j be (12/(-10))/(2/(-10)). Let n be -8 + -3 + (-348)/(-3). Let s be -12*(6 - n/10). What is the greatest common divisor of j and s?
6
Suppose -20 + 0 = -5*v, 5*v = -a + 910. Suppose 373 = -11*s + a. What is the greatest common divisor of 517 and s?
47
Suppose 0 = -4*y + 2*w + 49 + 11, 0 = -y + 2*w + 12. Suppose -88*v + 2016 = -4*v. What is the highest common factor of y and v?
8
Let v(j) = j**2 + 30*j + 215. Let n = 431 + -451. Let o be v(n). Calculate the highest common factor of o and 405.
15
Let a = 12460 + -6707. What is the highest common factor of a and 33?
11
Let p(q) = -111 + 4*q - 25*q + 174. Let a be p(0). Let k be -5*1/(15/(-126)). Calculate the highest common factor of k and a.
21
Let i be (-2)/((0 - 1)/3 - 194/(-600)). Calculate the greatest common divisor of i and 24.
8
Let m(c) = -c**3 - 20*c**2 - 60*c - 144. Let o be m(-18). What is the greatest common divisor of o and 152?
8
Let g be (-87)/(-27) - (32/(-18) + 2). Suppose 5*x + 0*l + 2*l = -301, -4*x - g*l = 245. Let q = 61 + x. What is the highest common factor of 8 and q?
2
Suppose 2*r - 18*r - 32 = 0. Let d be (r - -1)*(-12 - -3). Calculate the greatest common divisor of d and 45.
9
Let o = -10656 - -11007. Let r(u) = -u + 6. Let y be r(-7). What is the greatest common divisor of o and y?
13
Let x = 21290 - 15680. Calculate the greatest common factor of x and 60.
30
Let a(s) = 726*s - 2742. Let g be a(9). What is the greatest common factor of g and 96?
48
Suppose -42 = w - 8*w. Suppose 5*v - 4*z + w*z = 64, -v - z = -11. Calculate the highest common factor of 14 and v.
14
Suppose 2*w + l - 1274 - 2238 = 0, -5*l = 20. What is the greatest common factor of w and 9083?
293
Let t be (1 + -1516)*((-552)/(-36) + -22). Calculate the greatest common factor of 100 and t.
100
Suppose -210 = -18*m - 3*m. Let v(a) = -4*a - 10. Let o be v(-10). Calculate the greatest common factor of o and m.
10
Suppose -5*o = 5*t - 940, -17*o - 176 = -t - 14*o. What is the highest common divisor of t and 296?
37
Let m be 0 + (-24)/((-384)/5168). Calculate the highest common factor of m and 102.
17
Suppose 40*m + 55*m = 25*m + 2262190. Calculate the highest common factor of m and 34.
17
Let k be (131 - 147)*(1/3 - 21/9). Calculate the greatest common factor of k and 11488.
32
Let r = 840 + -819. Calculate the highest common divisor of 6384 and r.
21
Let a = 39622 + -29758. Calculate the greatest common divisor of a and 144.
72
Let g(t) = 178*t**2 + 13*t - 3. Let k be g(2). Let s be (-3)/2 + (-7 - k/(-14)). What is the greatest common divisor of s and 33?
11
Let a = -5453 + 11295. What is the highest common factor of a and 2032?
254
Suppose i = 125*i + 17*i - 49491. Calculate the greatest common factor of 1998 and i.
27
Let i = -425 + 661. Suppose -s - 2*c + 324 + i = 0, -3*s = c - 1705. Calculate the greatest common divisor of s and 38.
38
Suppose 0 = -5*r + 10, 5*z = -0*z - 3*r + 2026. Let x = z + -370. What is the highest common factor of x and 34?
34
Let x(y) = y**2 + 22*y - 21. Let v(w) = -8*w**2 - 2*w + 12. Let p be v(2). Let u be x(p). Let t = 0 - -9. Calculate the highest common factor of u and t.
9
Suppose -4*j = -4*v + 60, 2*v + 3*j + 25 = 3*v. Let r = 60 + -56. Let u be (-16)/r - (-34)/1. What is the highest common divisor of u and v?
10
Let c = 900 + -756. Let o be (1 - 2/8)*8. What is the highest common divisor of c and o?
6
Suppose -12 = -3*a - 2*m, -23*m + 26*m + 21 = 2*a. What is the greatest common factor of a and 48?
6
Let h be 4*21/(-140)*-180. Suppose 0 = 18*l - 9*l - 1080. What is the highest common divisor of h and l?
12
Suppose -3*c = -7*c + 3*r + 693, -4*c + 675 = 3*r. Suppose 11*n = 489 + c. Let j(p) = 15*p**2. Let l be j(1). Calculate the greatest common factor of n and l.
15
Suppose 10*g + 5*v = 14*g - 665, -3*v - 3 = 0. Calculate the highest common factor of g and 15.
15
Let x = 420 + -417. Suppose x*m + u = 517, 3*u = -4*m + 2*u + 691. Calculate the greatest common factor of m and 145.
29
Let z(j) = -42*j - 1128. Let m be z(-63). What is the highest common factor of m and 69?
69
Let p be -15*2/100*-5*1014/13. Let g = -6 + 15. Calculate the highest common divisor of p and g.
9
Suppose 4*v + 3*c - 37 = -7, 0 = -3*c - 6. Suppose 3*z = -2*g - 12, 5*z - 4 = g - 37. Let o be 4 + z*(-4)/(-8). What is the greatest common divisor of o and v?
1
Suppose -y = -2*f - 19, -4*f + f = -3*y + 57. Suppose -8*v = 5*v + 2535. Let r = v - -404. Calculate the greatest common factor of y and r.
19
Suppose 3*a + 18 = 30. Suppose -a*h - 2*z = -34, 3*z - 43 = h - 6*h. Suppose -h*b + 105 = -3*b. Calculate the greatest common divisor of b and 14.
7
Suppose 0 = 2*h - 2*q - 3680, 4*h = -3*q + 5189 + 2227. What is the highest common factor of 2352 and h?
168
Let g(b) = -b**3 - 10*b**2 - 10*b - 4. Let p be g(-9). Suppose -5*o = 13*u - 17*u + 20, -5*u - o + 25 = 0. Calculate the highest common divisor of p and u.
5
Let w = 41156 - 21908. What is the greatest common divisor of 96 and w?
48
Let y be (-19 + 8)*-1*13. Suppose 14*b - 17*b - 126 = 3*g, 210 = -5*b - g. Let h be 1 + (-46)/(-4) - 21/b. What is the highest common divisor of y and h?
13
Let r(f) = -36*f + 4. Let l be r(-7). Suppose 2*c = 562*x - 567*x + 144, 56 = x - 3*c. Calculate the highest common divisor of l and x.
32
Let u = 2104 + -1546. Calculate the highest common factor of u and 1054.
62
Let h(x) = x**3 - 15*x**2 + 7*x - 181. Let m be h(16). Calculate the greatest common factor of m and 323.
17
Suppose 0 = -v + 20 + 2. Let u(q) = -4*q + 10*q**2 - 10*q - 13*q**2 + 2*q**3 + 20. Let i be u(4). Calculate the highest common factor of v and i.
22
Let c be (-18)/(-45) + (-950)/(-125). Calculate the highest common divisor of 196 and c.
4
Let r be (-1)/(-3) + 53/3. Let t = -33291 + 33309. Calculate the greatest common factor of r and t.
18
Let h = -901 + 1287. Let i = -226 + h. What is the greatest common divisor of i and 30?
10
Let i(o) = -74*o + 753. Let p be i(10). Let b(a) = a**3 - 2*a**2 - 1. Let s be b(6). Calculate the greatest common factor of p and s.
13
Suppose -2*s + 4*h + 98 = 0, 5*s + 3*h + 66 = 311. What is the highest common factor of s and 21707?
49
Suppose 2*r + x = 2*x + 14, 5*r - 4*x = 41. Suppose -278 = r*y + 357. Let b = -99 - y. Calculate the greatest common factor of 140 and b.
28
Suppose -39*l + 273 + 155 = -274. What is the highest common factor of l and 204?
6
Suppose -4*b + m = 1024, -b + 3*m - 62 = 194. Let q = b + 596. Calculate the highest common factor of q and 204.
68
Let g be (-22)/11*((2 - 1) + -707). Calculate the highest common divisor of g and 4.
4
Let m = 247 - 238. Suppose m*g + 4025 = 11711. Calculate the greatest common divisor of g and 14.
14
Let b be (-15)/(-9)*(-21 + 18) - -670. Calculate the greatest common factor of 2280 and b.
95
Suppose -6*t - 5*o = -t - 175, -3*t + 110 = -2*o. Let b(g) = -2*g**2 - 15*g + 16. Let l be b(-8). What is the greatest common divisor of l and t?
4
Suppose -90*x + 20067 = 767*x - 10785. Let o be (-96)/(1 - 3) - 0. What is the greatest common factor of x and o?
12
Let q be ((-9)/(-15))/((-47)/(-470)) - (-672 + 2). Calculate the highest common divisor of q and 1300.
52
Let y be (51/(-18))/(19/(-912)). Calculate the greatest common divisor of y and 153.
17
Let k = -3316 - -3937. What is the greatest common divisor of k and 23?
23
Suppose 5*s - 135 = -3*y, 90 = 2*y - 4*s + s. Let n = y - 25. Calculate the greatest common factor of 60 and n.
20
Let o be -29*(18/(-30) + 9954/(-35)). What is the highest common factor of o and 38?
19
Let c = 290 - 300. Let h be (1 - 2 - -3)/(c/(-2550)). What is the highest common divisor of 17 and h?
17
Suppose 15 = y - 6. Suppose -2*l + 3*d + 4 = 0, 4*l - 6 - 2 = 2*d. Let g be ((l + -30)/2)/((-8)/36). Calculate the greatest common factor of y and g.
21
Let q = -724 + 727. Suppose -q*w - 5*i = -225, -5*w - 4*i + 6*i = -375. Calculate the highest common divisor of 60 and w.
15
Suppose -